-2*y + 225. Calculate the remainder when y is divided by 12.
9
Let g(q) = q**2 + q - 1. Let l(r) = r**3 + 3*r**2 + 2*r + 10. Let u(y) = -2*g(y) + l(y). Suppose 0 = 3*k + k. Calculate the remainder when u(k) is divided by 7.
5
Suppose -11*k + 54 = -9*k. What is the remainder when k is divided by 14?
13
Suppose 2 = 2*i - 6. Suppose 5*g - s = -0*s + 396, -2*g + 140 = -5*s. Suppose 0 = -i*k - 0*k + g. What is the remainder when k is divided by 11?
9
Suppose 5*w = -t + 54, -t + 3*w = -2*t + 48. Let b(c) = -2*c - 2. Let h be b(10). Let s = h + t. Calculate the remainder when s is divided by 9.
8
Let x = 7 + 0. Calculate the remainder when x is divided by 4.
3
Suppose -3*d + 0*d - 10 = -y, 3*y - d = 6. Suppose -5 = 2*s - y. Let x(l) = -l**3 + 2*l**2 + 4*l + 2. Calculate the remainder when 18 is divided by x(s).
8
Suppose 0 = 5*r - 2*m - 611, -r + 4*m - 254 = -3*r. Calculate the remainder when r is divided by 42.
39
Suppose 3*f + 24 = 6*f. Calculate the remainder when (4 + -33)/(-2 + 1) is divided by f.
5
Let l(i) = i**2 + 6*i - 5. Let j be l(-7). Suppose 0 = j*w - 77 - 383. Suppose 0*c + w = 5*c. What is the remainder when c is divided by 16?
14
Suppose -3*o = -5 - 52. Suppose 2*g + 6*t - 112 = 3*t, 4*g - 2*t = 224. What is the remainder when g is divided by o?
18
Suppose 4*w = -2*z - 8, -z + 6 = -0*w - 3*w. Calculate the remainder when 39 is divided by z - 0 - (-8 - 12).
19
What is the remainder when 40 is divided by 144/7 + 4/(-7)?
0
Suppose 0 = -4*k + 3*m + 319, 0*k - 4*k - m = -299. Calculate the remainder when k is divided by 26.
24
Let y = 15 + -9. What is the remainder when y is divided by 1?
0
Let s = 10 + -6. Suppose -b - 2*j = j + 8, 2*b = -3*j - 4. Suppose 3 = i - b*x - 6, s*i = 3*x + 23. Calculate the remainder when 13 is divided by i.
3
Suppose 0 = -b - 1 + 7. What is the remainder when 34 is divided by b?
4
Suppose 10 = c - 2. Calculate the remainder when (-194)/(-6) + 1/(-3) is divided by c.
8
Let y(n) = -n**2 - 7*n + 8. Calculate the remainder when y(-6) is divided by -3 - (-7 - (-1 - -1)).
2
Suppose 0 = 3*a - 23 - 37. Calculate the remainder when a is divided by 8.
4
Let l = -37 + 43. Calculate the remainder when 8 is divided by l.
2
What is the remainder when (((-1312)/6)/(-8))/((-2)/(-3)) is divided by 25?
16
Suppose 3*a = 4*j - 14 - 4, 4*j - 5*a - 22 = 0. Let n be j*1/(6/56). Suppose 2*g + 8 = -4*r, -5*r + 4 - n = -g. What is the remainder when 10 is divided by g?
2
Let g(h) be the first derivative of -h**3/3 - 3*h**2 + 3*h - 1. Suppose -4*n + 64 = 60. Calculate the remainder when g(-6) is divided by n.
0
Let w = -93 - -144. What is the remainder when w is divided by 15?
6
Let l = 89 - 51. Let a(k) = 2*k**2 + 2. What is the remainder when l is divided by a(2)?
8
Let h(r) = 2*r**2 - 4*r - 4. Let l(y) = 3*y**2 - 4*y - 1. What is the remainder when h(5) is divided by l(3)?
12
Suppose 2*y - 114 = -3*q - 19, y + 5*q - 44 = 0. Calculate the remainder when y is divided by 13.
10
Let d = -5 + 9. Suppose s = 3*s - 6, s = -d*z + 23. Calculate the remainder when z is divided by 2.
1
Let p be -22 - 1/(-3 - -2). Let f = p - -31. Calculate the remainder when f is divided by 6.
4
Suppose y + 2 = -1. Let j be (-18)/12*(-4)/y. Calculate the remainder when 9 is divided by j*1 - (-2 - 3).
0
Calculate the remainder when 77 is divided by 16 - (-1 - (-5 + 1)).
12
Suppose 3*b + 4*l - 33 = 0, l = -0*l. Calculate the remainder when b is divided by 7.
4
Suppose 4*h - 795 = -n, 6*n - 5*n = h - 195. Calculate the remainder when h is divided by 8.
6
Let d(s) = -s + 21. Calculate the remainder when d(-13) is divided by 18.
16
Suppose -2*s = -o - 35, 4*s + s - 3*o = 89. Calculate the remainder when (1*42)/((10/3)/5) is divided by s.
15
Suppose 0 = -2*g - 2*a + 14, 0 = -3*g + 2*a + 2*a. Suppose 0 = -m + g*m. What is the remainder when 24 is divided by m + -2 - (-16 - -1)?
11
Calculate the remainder when 58 is divided by -4 - 76/(-20) - 152/(-10).
13
Let n(k) = -k**3 + 12*k**2 + 2*k + 23. What is the remainder when 139 is divided by n(12)?
45
Suppose 2*u - 3*u - 3*f = 0, -u = 5*f - 2. Let l = 15 + u. Suppose 4*m - 21 = m. What is the remainder when l is divided by m?
5
Let x(g) = -2*g + 15. What is the remainder when x(-12) is divided by 21?
18
Let a = 22 + -16. Let l = 22 - a. Calculate the remainder when l is divided by 6.
4
Let h(z) = z**3 + 4*z**2 + z + 4. Let o be h(-4). Let i(w) = w**2 + 15. Let c be i(o). Suppose 0 = 2*q - q - c. Calculate the remainder when 28 is divided by q.
13
Suppose -5*i + 3*d = -85, -d + 2*d - 85 = -4*i. Calculate the remainder when 37 is divided by i.
17
Suppose 0 = -7*s + 12*s - 60. Calculate the remainder when 46 is divided by s.
10
Suppose 0 = 2*u - 3*l + 11, u - 5*u + 28 = 4*l. Suppose -2 = -p + u. Let o(t) = -t**2 + 6*t - 6. What is the remainder when o(p) is divided by 1?
0
Suppose -2*b = 2*y + b - 19, -2*b = y - 9. Calculate the remainder when 42 is divided by y.
9
Suppose h - 69 = 5*b, -4*b + 1 = -5*b - 3*h. Let j = b - -21. Suppose 0 = -2*g + j + 14. What is the remainder when 20 is divided by g?
9
Let n(b) = -b - 5. Let j be n(10). Let c = 8 - j. What is the remainder when c is divided by 13?
10
Let g = 37 - 30. What is the remainder when 68 is divided by g?
5
Let u be (-6)/4*(-228)/9. Let x = u + -21. Suppose 0 = -5*a + 188 + 57. What is the remainder when a is divided by x?
15
Let u(q) = 2*q**2 - 3*q + 14. Calculate the remainder when u(3) is divided by 7.
2
Suppose 0*w - 54 = -9*w. Suppose 5*j - 35 = 70. What is the remainder when j is divided by w?
3
Let p = 18 + -12. Suppose -p = 3*n - 0*n. What is the remainder when 7*(n - (-64)/14) is divided by 10?
8
Suppose 4*c + k - 19 = 0, -5*c + 3*k + 29 = -k. Let w(a) = -a**3 + 8*a**2 - 8*a - 6. What is the remainder when w(6) is divided by c?
3
Let d(q) = 7*q + 1. Let k(f) = -f**3 - 5*f**2 + 7*f + 9. Let z be k(-6). What is the remainder when d(z) is divided by 12?
10
Let c be -1*(-3 + -12)/(-3). Suppose 35 = -3*k + 4*k. Calculate the remainder when k is divided by ((-2)/c)/(3/90).
11
Suppose -3*a - 5*u = -53, -a - 2*u = -0*u - 19. Calculate the remainder when 138/8 + 1/(-4) is divided by 10/(-55) - (-101)/a.
8
Let y = 3 + 40. Let t = -8 - -23. What is the remainder when y is divided by t?
13
Let j(l) = l**2 - 4*l - 2. Let q be j(5). Suppose 0 = 3*w + q*w - 516. Calculate the remainder when w is divided by 22.
20
Suppose 3*w = -5*f + 38, w = -3*w - 3*f + 58. Suppose -1 = z - w. Let n = 0 + z. What is the remainder when 28 is divided by n?
13
Let c(q) = 2*q - 12. Let a be c(8). Suppose -a*z = l + 19, 5*z + 25 = -3*l + z. Calculate the remainder when (-3 - l) + (-1 - -35) is divided by 12.
10
Let l = -52 - -145. What is the remainder when l is divided by 33?
27
Let r(p) = 3*p - 5. Calculate the remainder when r(15) is divided by 21.
19
Let k(c) = -c**3 + 8*c**2 + 7*c - 12. Suppose 0*i - 100 = 5*i. Let n = -12 - i. What is the remainder when k(n) is divided by 15?
14
Let b(n) = 80*n**3 - 4*n**2 - n + 1. Let f be b(3). Suppose 0 = q - 5*q - 4*c + 4216, f = 2*q - 5*c. What is the remainder when 19 is divided by q/104 - 2/13?
9
Let r = 41 + -23. Suppose -2*o + 52 = 42. What is the remainder when r is divided by o?
3
Suppose -24 = z - 2*z. What is the remainder when 95 is divided by z?
23
Suppose 0 = b - 11 - 1. What is the remainder when 582/18 + 3 + 12/(-9) is divided by b?
10
Suppose -4*p - 4*j + 204 = 0, -3*p + 118 = -2*j - 15. What is the remainder when p is divided by 25?
22
Let n = -4 - -9. Suppose n*k - 22 = -3*v, -4*k = -5*v - 7 + 19. What is the remainder when 9 is divided by k?
1
Suppose 2*p + 8*j - 3*j - 67 = 0, -2*p - j + 47 = 0. What is the remainder when 123 is divided by p?
18
Suppose 218 - 786 = -8*r. What is the remainder when r is divided by 25?
21
What is the remainder when 26 is divided by 9 + 15/(-3)*-1?
12
Suppose -4*i - 60 = -12. Calculate the remainder when 54 is divided by 3/i - 57/(-4).
12
Let z(o) = -o**3 - o**2 + o - 2. Let u be z(-2). Suppose -3*r + 8*r + 150 = u. Calculate the remainder when 34 is divided by ((-8)/(-20))/((-1)/r).
10
Let s(c) = 3*c**3 - 3*c**2 + 4*c - 4. Calculate the remainder when s(3) is divided by (-1)/5 - (-729)/45.
14
Let h(k) be the first derivative of 2*k**2 + 2*k - 1. What is the remainder when h(6) is divided by (-3)/((